et h = l + 57. Suppose -2*r - 15 + 51 = 0. Calculate the highest common divisor of h and r.
18
Let u(f) = f**3 - 4*f**2 - 8*f + 40. Let g(s) = -s**3 + 14*s**2 - 13*s + 5. Let l be g(13). Let m be u(l). What is the greatest common divisor of m and 1?
1
Let z be (-32)/40 + (-19)/(-5). Suppose -4*o = -4, 0*o - z*o + 6 = d. Let a be d/((-10)/(-30) - 82/300). What is the highest common divisor of a and 20?
10
Let f be 15/2*(-64)/(-20). Suppose -5*i - 41 = -6*i - v, -5*i - 2*v + 190 = 0. Calculate the greatest common divisor of f and i.
12
Suppose 3*o - 702 = -3*p, 0*o - 3*o + 464 = 2*p. Let c be (-420)/25*(-630)/756. Calculate the greatest common factor of p and c.
14
Let m = -524 + 735. Let p = m - 191. Calculate the highest common divisor of 20 and p.
20
Suppose 0 = -3*m - 11*f + 1756, 1184 = -5*m - 4*f + 4125. What is the greatest common divisor of m and 57?
19
Let g = 4912 - 4699. What is the greatest common factor of 781 and g?
71
Let a be (-6)/(-6*10) + 21098/220. What is the highest common divisor of a and 1212?
12
Suppose -223 = -a - 5*f, 4*a - 780 - 78 = -3*f. Let c = a - 69. Calculate the greatest common divisor of c and 16.
16
Let n = -31962 - -31973. What is the greatest common divisor of 22187 and n?
11
Let u = 843 + -831. Let l be 3/18 + (1498/u)/7. What is the highest common divisor of l and 27?
9
Let l(v) = v**3 + 9*v**2 + 22*v + 18. Let a be l(-4). Suppose -a*y + 86 + 224 = 0. What is the greatest common factor of y and 651?
31
Suppose -13*f + 23*f = 960. Let n be ((-21)/6)/((-6)/f). What is the greatest common divisor of n and 168?
56
Let j(z) = 2*z**2 + 92. Let m be j(11). Let u = -331 + m. What is the greatest common divisor of 2 and u?
1
Let k be (2/7)/((-2)/(-112)*4). Suppose 0*b - 54 = -2*b - k*o, 4 = -o. Suppose p = -4*p + 25. What is the greatest common divisor of b and p?
5
Suppose -n + 3*k + 981 = 0, 3*n = -4*k + 7*k + 2943. What is the highest common divisor of 27 and n?
9
Suppose 3*s + 474 = 124*h - 121*h, -s = h - 166. What is the greatest common factor of h and 4293?
81
Suppose 4*h - 3*h = 3*q - 7, -5*h = q - 29. Suppose b = -z - 0*z + 197, -h*z + 589 = 3*b. Calculate the greatest common divisor of 22 and b.
22
Suppose 0 = -16*m + 7*m - 909. Let t = m - -149. What is the greatest common divisor of t and 12?
12
Suppose -3*i + 12113 = 5*p - 6*i, -2*p = 2*i - 4858. Calculate the greatest common factor of p and 25.
25
Suppose -9*h - 61*h = 49*h - 1816416. Calculate the highest common factor of h and 64.
32
Let p(u) = -448*u - 3525. Let l be p(-9). What is the greatest common divisor of 39 and l?
39
Suppose -178*d + 185*d = 364. Suppose -2*h + d = 2*g, -h = -g + 4*g - 82. What is the greatest common divisor of 294 and g?
14
Suppose 3*o - 3*d + 57 = 0, -11 = 2*o + 4*d + 3. Let l = 25 + o. Suppose -l*a + 357 - 57 = 0. Calculate the highest common factor of a and 15.
15
Let r = -68 - -73. Suppose 2*d - 41 = 3*t, -r*d + t = -6*d + 13. What is the highest common divisor of d and 112?
16
Let w(r) = -7*r**2 - 512*r - 68. Let v be w(-73). Calculate the greatest common factor of 10065 and v.
5
Suppose 45*c + 21*c = 17*c + 210210. Calculate the highest common factor of 165 and c.
165
Suppose -156 = -10*h - 105 + 49. Calculate the highest common divisor of h and 23.
1
Suppose -12*h = -140*h - 23*h + 6040. What is the highest common divisor of h and 4720?
40
Let r be (119 + -120)*(2312/(-12))/((-10)/(-15)). Let c(g) = -g + 17. Let a be c(0). What is the greatest common factor of a and r?
17
Suppose 34*c - 26*c + 5 = -3*y, 0 = 4*c - 5*y - 43. What is the highest common divisor of 1046 and c?
2
Let t(x) be the first derivative of x**3/3 + 5*x**2 - 18*x + 37. Let z be t(5). What is the highest common factor of 171 and z?
57
Let i(w) be the third derivative of -7*w**5/60 + 11*w**4/6 - 7*w**3/6 + 174*w**2. Let q be i(6). Calculate the highest common factor of 25 and q.
5
Let l = -16058 + 16149. Let x be 18*1/(-2)*9. Let o = l + x. What is the highest common divisor of 30 and o?
10
Let g = 26894 + -24080. Calculate the greatest common factor of 12 and g.
6
Suppose 0 = -8*w + 15*w + w - 16. What is the highest common factor of 358 and w?
2
Suppose 0 = o + 3*r - 3055, 1141*r - 1142*r = 4*o - 12165. What is the highest common divisor of 2375 and o?
95
Let u be (-1)/((-33)/88)*61131/28. Calculate the highest common divisor of 82 and u.
82
Suppose -2*u = 3*i - 47, -12*u + 9*u - 5*i + 69 = 0. Let j be (-528)/18*-3 + -1 + 4. Calculate the greatest common factor of u and j.
7
Let w = -537 + 603. What is the greatest common factor of w and 418?
22
Suppose 63 = -2*t + 67. Suppose 0 = -3*d + 7*d + 4*b - 16, t*b = -3*d + 12. Let j be (-465)/(-25) - 1 - d/(-10). What is the highest common divisor of j and 72?
18
Suppose 13*w = 8*w + 15. Let l(j) = 2*j - 6. Let g be l(w). Suppose 3*n = -g*n + 384. Calculate the greatest common divisor of n and 16.
16
Let j = 5032 - 4848. What is the highest common factor of 69 and j?
23
Let k(y) = 3*y**3 + 4*y**2 - y + 17. Let r be k(-5). Let c = 272 + r. Calculate the highest common factor of c and 95.
19
Let i be (-108)/162 - 2*(-63)/27. Let p(a) = 6*a - 4. Let m be p(3). What is the highest common factor of m and i?
2
Let u be 1*(-3)/6*0. Let g be 4 + (3 - u) - 4. Suppose g*p - 27 = 69. What is the highest common divisor of p and 96?
32
Let x(t) = -t**2 - 20*t + 5969. Let w be x(-87). Suppose 882 = 4*j - 518. Calculate the highest common divisor of w and j.
70
Let w(y) = 45 + 3*y + 10 - 2*y - 16*y**2 + 15*y**2. Let q be w(0). Calculate the greatest common factor of 44 and q.
11
Let o(b) = -2*b**3 + 17*b**2 + 7*b - 26. Let n be o(8). Calculate the highest common factor of n and 1739.
47
Let y = 46 + -41. Suppose -16*l + 20*l + u = 149, y*l - 195 = -3*u. Calculate the greatest common divisor of l and 252.
36
Suppose -2*m - 2 = 0, 0 = -2*j + 2*m + 124 - 44. What is the greatest common divisor of 5 and j?
1
Let y(u) = 384*u - 651. Let n be y(2). Calculate the greatest common divisor of 5031 and n.
117
Let x be 5 + 1 - ((-300)/(-15) - 117). Calculate the highest common factor of x and 6695.
103
Let v be 5/(-4) + (-6 - (-2 - (-634)/(-8))). What is the greatest common factor of v and 5069?
37
Let y(a) = -212*a - 25. Let f be y(-1). Let u = f + -147. Calculate the highest common divisor of u and 360.
40
Let s(b) = 2*b**3 + 88*b**2 + 236*b + 85. Let d be s(-40). Calculate the highest common divisor of 130 and d.
65
Suppose 2*h - 5*x = 63, -3*h + 6*x - 2*x = -112. Calculate the greatest common divisor of h and 209.
11
Let l(m) = 1033*m**3 - m**2 - 15*m + 45. Let c be l(2). What is the highest common factor of 2979 and c?
331
Let g(b) = 2*b**2 + 32*b - 4278. Let j be g(-57). What is the greatest common divisor of j and 4092?
132
Let q = 15080 + -14820. What is the greatest common divisor of q and 1963?
13
Let h(j) = j**3 + 6*j**2 + 3*j - 5. Let f be h(-5). Suppose 41*s + 2439 = 2849. Calculate the highest common divisor of s and f.
5
Let q be (40/140)/((-24)/(-14)) + (-177)/(-18). Calculate the greatest common factor of 640 and q.
10
Suppose -6 = -d + a - 0, -d - 3 = 2*a. Suppose -28 = -4*j - 4*f - 0, -f - 25 = -d*j. Calculate the greatest common divisor of j and 32.
8
Let z be (12 + (-3 - 0))*3*18. Calculate the highest common divisor of 6 and z.
6
Let p = -920 - -1305. What is the highest common divisor of p and 497?
7
Let z(w) = 191*w**2 - 96*w - 551. Let b be z(-6). What is the highest common factor of 67 and b?
67
Let s be 1 + (-12)/7 + 37278/798. What is the greatest common factor of 5842 and s?
46
Let d(s) = -2*s**3 - 7*s**2 - 20*s - 1. Let n be d(-6). What is the highest common factor of 2185 and n?
23
Let r(q) = -2*q**2 + 8*q + 6. Let o be r(4). Let k be 4/(-4) - 1 - -70. Let l = k + -44. Calculate the highest common divisor of l and o.
6
Suppose -128*z + 4732 = -0*z + 41*z. What is the greatest common factor of 14392 and z?
28
Suppose -11*h - 9744 = -23*h. Suppose -4 = 2*c, -3*c = -5*u + 54 + h. What is the highest common divisor of u and 8?
4
Let o(b) = -b**3 - 22*b**2 - 23*b - 568. Let m be o(-23). What is the greatest common divisor of 2170 and m?
70
Let d = 305 - 303. Let p be 8/52 + (17544/39 - d). Calculate the highest common divisor of p and 28.
28
Let q be 4/(-2) + (-11)/(-1). Suppose -79*b + 89*b = 2030. 